{"id":141,"date":"2022-08-03T18:26:08","date_gmt":"2022-08-03T16:26:08","guid":{"rendered":"https:\/\/www.gistitalia.org\/?page_id=141"},"modified":"2022-08-31T19:36:29","modified_gmt":"2022-08-31T17:36:29","slug":"francesco-paolo-alberico","status":"publish","type":"page","link":"https:\/\/www.gistitalia.org\/?page_id=141","title":{"rendered":"FRANCESCO PAOLO ALBERICO"},"content":{"rendered":"\n<div class=\"wp-block-media-text alignwide is-stacked-on-mobile\" style=\"grid-template-columns:27% auto\"><figure class=\"wp-block-media-text__media\"><img decoding=\"async\" src=\"https:\/\/www.gistitalia.org\/wp-content\/uploads\/2022\/08\/alberico_ico.png\" alt=\"\" class=\"wp-image-599 size-full\"\/><\/figure><div class=\"wp-block-media-text__content\">\n<p><br><br><em>Regioni sedi operative<\/em><br><strong>Campania<\/strong><br><br><em>Specializzazione<\/em><br><strong>Medico Estetico<\/strong><br><br><em>Trattamenti<\/em><br><strong>Medico Chirurgo, Medicina Estetica, Terapia del Dolore, Medicina di Base<\/strong><br><\/p>\n<\/div><\/div>\n\n\n\n<hr class=\"wp-block-separator has-text-color has-alpha-channel-opacity has-background is-style-wide\" style=\"background-color:#002a48;color:#002a48\"\/>\n\n\n\n<p>Il\u00a0Dr. Francesco Paolo Alberico\u00a0\u00e8 un <strong>Medico Chirurgo<\/strong> che si dedica alla\u00a0<strong>Medicina Estetica<\/strong>\u00a0e alla terapia del dolore. \u00c8 un professionista eclettico, che oltre a essersi laureato in <strong>Medicina e Chirurgia<\/strong> presso la Seconda Universit\u00e0 degli Studi di Napoli, si \u00e8 specializzato in diverse discipline di ambito medico: Anestesiologia e Rianimazione (nel 1979); Farmacologia (nel 1984); Medicina Legale e delle Assicurazioni (nel 1998). Nel 2005 \u00e8 stato insignito del premio A.I.S.D. Junior Award e nel 2015 ha ricevuto il premio Enrico Follador Award.<br><br>Il\u00a0<strong>Dr. Francesco Paolo Alberico<\/strong>\u00a0pu\u00f2 vantare un\u2019esperienza di oltre quarant\u2019anni come medico chirurgo. Durante la sua carriera ha sempre combinato la pratica medica al fianco dei pazienti con l\u2019attivit\u00e0 di docente universitario presso l\u2019Universit\u00e0 degli Studi di Napoli Federico II, dove ha insegnato Medicina Estetica. Inoltre, ha lavorato con l&#8217;incarico di dirigente medico nell\u2019unit\u00e0 operativa di Terapia del Dolore della struttura ASL Napoli 1 ed anche come consulente medico-legale per il Tribunale di Napoli.<br><br>Il\u00a0<strong>Dr.<\/strong>\u00a0<strong>Francesco Paolo Alberico<\/strong>\u00a0parte dai principi basilari che per una corretta applicazione della medicina estetica sia necessaria, innanzitutto, una corretta prevenzione e che solo gli specialisti del settore possono essere in grado di consigliare quali sono le terapie pi\u00f9 adatte ad ogi paziente. In particolare, il Dr. Alberico, si occupa del trattamento di insufficienza venosa, di panniculopatie e del monitoraggio dei lipidi della membrana cellulare e dei radicali liberi. Tra le tecniche utilizzate dal Dr. Alberico potrete trovare la radiofrequenza terapeutica, l\u2019<strong>ossigeno-ozonoterapia<\/strong>\u00a0e la\u00a0<strong>laserchirurgia<\/strong>.<\/p>\n\n\n\n<p>Inoltre, offre servizi di&nbsp;<strong>dietologia<\/strong>&nbsp;e nutrizione ed esami impedenziometrici per la valutazione della composizione corporea.<\/p>\n\n\n\n<p class=\"has-small-font-size\"><br><br><br><br>contatti del nostro professionista<\/p>\n\n\n\n<hr class=\"wp-block-separator has-text-color has-alpha-channel-opacity has-background is-style-wide\" style=\"background-color:#002a48;color:#002a48\"\/>\n\n\n<div class=\"wp-block-image\">\n<figure class=\"alignleft size-full\"><a href=\"https:\/\/www.facebook.com\/francescopaolo.alberico.5\" target=\"_blank\" rel=\"noreferrer noopener\"><img decoding=\"async\" loading=\"lazy\" width=\"143\" height=\"42\" src=\"https:\/\/www.gistitalia.org\/wp-content\/uploads\/2022\/08\/fb.png\" alt=\"\" class=\"wp-image-126\"\/><\/a><\/figure><\/div>\n\n<div class=\"wp-block-image\">\n<figure class=\"alignleft size-full\"><a href=\"mailto:fp.alberico@gmail.com\" target=\"_blank\" rel=\"noreferrer noopener\"><img decoding=\"async\" loading=\"lazy\" width=\"94\" height=\"42\" src=\"https:\/\/www.gistitalia.org\/wp-content\/uploads\/2022\/08\/mail.png\" alt=\"\" class=\"wp-image-129\"\/><\/a><\/figure><\/div>\n\n\n<div style=\"height:150px\" aria-hidden=\"true\" class=\"wp-block-spacer\"><\/div>\n","protected":false},"excerpt":{"rendered":"<p>Regioni sedi operativeCampania SpecializzazioneMedico Estetico TrattamentiMedico Chirurgo, Medicina Estetica, Terapia del Dolore, Medicina di Base Il\u00a0Dr. Francesco Paolo Alberico\u00a0\u00e8 un Medico Chirurgo che si dedica alla\u00a0Medicina Estetica\u00a0e alla terapia del dolore. \u00c8 un professionista eclettico, che oltre a essersi laureato in Medicina e Chirurgia presso la Seconda Universit\u00e0 degli Studi di Napoli, si \u00e8 specializzato &hellip; <\/p>\n<p class=\"link-more\"><a href=\"https:\/\/www.gistitalia.org\/?page_id=141\" class=\"more-link\">Leggi tutto<span class=\"screen-reader-text\"> &#8220;FRANCESCO PAOLO ALBERICO&#8221;<\/span><\/a><\/p>\n","protected":false},"author":1,"featured_media":0,"parent":138,"menu_order":0,"comment_status":"closed","ping_status":"closed","template":"","meta":[],"_links":{"self":[{"href":"https:\/\/www.gistitalia.org\/index.php?rest_route=\/wp\/v2\/pages\/141"}],"collection":[{"href":"https:\/\/www.gistitalia.org\/index.php?rest_route=\/wp\/v2\/pages"}],"about":[{"href":"https:\/\/www.gistitalia.org\/index.php?rest_route=\/wp\/v2\/types\/page"}],"author":[{"embeddable":true,"href":"https:\/\/www.gistitalia.org\/index.php?rest_route=\/wp\/v2\/users\/1"}],"replies":[{"embeddable":true,"href":"https:\/\/www.gistitalia.org\/index.php?rest_route=%2Fwp%2Fv2%2Fcomments&post=141"}],"version-history":[{"count":9,"href":"https:\/\/www.gistitalia.org\/index.php?rest_route=\/wp\/v2\/pages\/141\/revisions"}],"predecessor-version":[{"id":600,"href":"https:\/\/www.gistitalia.org\/index.php?rest_route=\/wp\/v2\/pages\/141\/revisions\/600"}],"up":[{"embeddable":true,"href":"https:\/\/www.gistitalia.org\/index.php?rest_route=\/wp\/v2\/pages\/138"}],"wp:attachment":[{"href":"https:\/\/www.gistitalia.org\/index.php?rest_route=%2Fwp%2Fv2%2Fmedia&parent=141"}],"curies":[{"name":"wp","href":"https:\/\/api.w.org\/{rel}","templated":true}]}}

<div class="wp-block-media-text alignwide is-stacked-on-mobile" style="grid-template-columns:27% auto"><figure class="wp-block-media-text__media"><img decoding="async" src="https://www.gistitalia.org/wp-content/uploads/2022/08/alberico_ico.png" alt="" class="wp-image-599 size-full"/></figure><div class="wp-block-media-text__content">
<p><br><br><em>Regioni sedi operative</em><br><strong>Campania</strong><br><br><em>Specializzazione</em><br><strong>Medico Estetico</strong><br><br><em>Trattamenti</em><br><strong>Medico Chirurgo, Medicina Estetica, Terapia del Dolore, Medicina di Base</strong><br></p>
</div></div>



<hr class="wp-block-separator has-text-color has-alpha-channel-opacity has-background is-style-wide" style="background-color:#002a48;color:#002a48"/>



<p>Il Dr. Francesco Paolo Alberico è un <strong>Medico Chirurgo</strong> che si dedica alla <strong>Medicina Estetica</strong> e alla terapia del dolore. È un professionista eclettico, che oltre a essersi laureato in <strong>Medicina e Chirurgia</strong> presso la Seconda Università degli Studi di Napoli, si è specializzato in diverse discipline di ambito medico: Anestesiologia e Rianimazione (nel 1979); Farmacologia (nel 1984); Medicina Legale e delle Assicurazioni (nel 1998). Nel 2005 è stato insignito del premio A.I.S.D. Junior Award e nel 2015 ha ricevuto il premio Enrico Follador Award.<br><br>Il <strong>Dr. Francesco Paolo Alberico</strong> può vantare un’esperienza di oltre quarant’anni come medico chirurgo. Durante la sua carriera ha sempre combinato la pratica medica al fianco dei pazienti con l’attività di docente universitario presso l’Università degli Studi di Napoli Federico II, dove ha insegnato Medicina Estetica. Inoltre, ha lavorato con l&#8217;incarico di dirigente medico nell’unità operativa di Terapia del Dolore della struttura ASL Napoli 1 ed anche come consulente medico-legale per il Tribunale di Napoli.<br><br>Il <strong>Dr.</strong> <strong>Francesco Paolo Alberico</strong> parte dai principi basilari che per una corretta applicazione della medicina estetica sia necessaria, innanzitutto, una corretta prevenzione e che solo gli specialisti del settore possono essere in grado di consigliare quali sono le terapie più adatte ad ogi paziente. In particolare, il Dr. Alberico, si occupa del trattamento di insufficienza venosa, di panniculopatie e del monitoraggio dei lipidi della membrana cellulare e dei radicali liberi. Tra le tecniche utilizzate dal Dr. Alberico potrete trovare la radiofrequenza terapeutica, l’<strong>ossigeno-ozonoterapia</strong> e la <strong>laserchirurgia</strong>.</p>



<p>Inoltre, offre servizi di&nbsp;<strong>dietologia</strong>&nbsp;e nutrizione ed esami impedenziometrici per la valutazione della composizione corporea.</p>



<p class="has-small-font-size"><br><br><br><br>contatti del nostro professionista</p>



<hr class="wp-block-separator has-text-color has-alpha-channel-opacity has-background is-style-wide" style="background-color:#002a48;color:#002a48"/>


<div class="wp-block-image">
<figure class="alignleft size-full"><a href="https://www.facebook.com/francescopaolo.alberico.5" target="_blank" rel="noreferrer noopener"><img decoding="async" loading="lazy" width="143" height="42" src="https://www.gistitalia.org/wp-content/uploads/2022/08/fb.png" alt="" class="wp-image-126"/></a></figure></div>

<div class="wp-block-image">
<figure class="alignleft size-full"><a href="mailto:fp.alberico@gmail.com" target="_blank" rel="noreferrer noopener"><img decoding="async" loading="lazy" width="94" height="42" src="https://www.gistitalia.org/wp-content/uploads/2022/08/mail.png" alt="" class="wp-image-129"/></a></figure></div>


<div style="height:150px" aria-hidden="true" class="wp-block-spacer"></div>

<p>Regioni sedi operativeCampania SpecializzazioneMedico Estetico TrattamentiMedico Chirurgo, Medicina Estetica, Terapia del Dolore, Medicina di Base Il Dr. Francesco Paolo Alberico è un Medico Chirurgo che si dedica alla Medicina Estetica e alla terapia del dolore. È un professionista eclettico, che oltre a essersi laureato in Medicina e Chirurgia presso la Seconda Università degli Studi di Napoli, si è specializzato &hellip; </p>
<p class="link-more"><a href="https://www.gistitalia.org/?page_id=141" class="more-link">Leggi tutto<span class="screen-reader-text"> &#8220;FRANCESCO PAOLO ALBERICO&#8221;</span></a></p>
