{"id":165,"date":"2022-08-03T19:26:57","date_gmt":"2022-08-03T17:26:57","guid":{"rendered":"https:\/\/www.gistitalia.org\/?page_id=165"},"modified":"2022-09-07T11:52:13","modified_gmt":"2022-09-07T09:52:13","slug":"roberto-dellavanzato","status":"publish","type":"page","link":"https:\/\/www.gistitalia.org\/?page_id=165","title":{"rendered":"ROBERTO DELL&#8217; AVANZATO"},"content":{"rendered":"\n<div class=\"wp-block-media-text alignwide is-stacked-on-mobile\" style=\"grid-template-columns:27% auto\"><figure class=\"wp-block-media-text__media\"><img decoding=\"async\" loading=\"lazy\" width=\"302\" height=\"461\" src=\"https:\/\/www.gistitalia.org\/wp-content\/uploads\/2022\/08\/dellavanzato_ico.png\" alt=\"\" class=\"wp-image-552 size-full\" srcset=\"https:\/\/www.gistitalia.org\/wp-content\/uploads\/2022\/08\/dellavanzato_ico.png 302w, https:\/\/www.gistitalia.org\/wp-content\/uploads\/2022\/08\/dellavanzato_ico-197x300.png 197w\" sizes=\"(max-width: 302px) 100vw, 302px\" \/><\/figure><div class=\"wp-block-media-text__content\">\n<p><br><br><em>Regioni sedi operative<\/em><br><strong>Lombardia<\/strong><br><br><em>Specializzazione<\/em><br><strong>Chirurgo Plastico ed Estetico, Medico Estetico<\/strong><br><br><em>Trattamenti<\/em><br><strong>Chirurgia Plastica e Ricostruttiva, Chirurgia Estetica, Medicina Estetica<\/strong><br><\/p>\n<\/div><\/div>\n\n\n\n<hr class=\"wp-block-separator has-text-color has-alpha-channel-opacity has-background is-style-wide\" style=\"background-color:#002a48;color:#002a48\"\/>\n\n\n\n<p>Il Dr. Roberto Dell\u2019Avanzato \u00e8 uno dei\u00a0<strong>Chirurghi Estetici<\/strong>\u00a0pi\u00f9 conosciuti in Italia e uno dei massimi esperti di\u00a0<strong>Medical Device<\/strong>\u00a0e\u00a0<strong>Tecnologie Laser<\/strong>\u00a0al mondo.<br>Si occupa di <strong>Medicina Estetica e Chirurgia Estetica<\/strong>\u00a0da oltre venti anni.<br><br>Considerato l\u2019inventore formale e principale sviluppatore della metodica laser ENDOLIFT\u00ae, il suo punto di forza \u00e8 la conoscenza e la capacit\u00e0 di integrare tutte le migliori metodologie che la\u00a0<strong>Medicina Estetica<\/strong> e la\u00a0<strong>Chirurgia Estetica<\/strong>\u00a0possono offrire.<br><br>Dopo 6 anni di Specializzazione in\u00a0<strong>Chirurgia Generale<\/strong>\u00a0e 2 anni di\u00a0<strong>Master Universitario in Medicina e Chirurgia Estetica<\/strong>\u00a0in Italia, ha continuato la sua formazione in tutte le pi\u00f9 prestigiose strutture di riferimento in\u00a0<strong>Europa<\/strong>\u00a0ed\u00a0<strong>America<\/strong>, lavorando fianco a fianco con i migliori Chirurghi Plastici al mondo, continuando ad essere invitato con regolarit\u00e0 a parlare in conferenze internazionali e tenere corsi di formazione come Key Opinion Leader delle pi\u00f9 importanti Aziende del settore.<br><br>\u00c8 attualmente Socio Internazionale della prestigiosa American Society of Plastic Surgeons ASPS, Socio della Societ\u00e0 Italiana di\u00a0<strong>Chirurgia Plastica Ricostruttiva ed Estetica<\/strong> SICPRE, Membro del Consiglio Direttivo del Gruppo Italiano di Studio sulle Tecnologie GIST oltrech\u00e9 docente delle Scuole Italiane di Medicina Estetica AGORA, ICAMP, SIME, VALET e del Master Universitario in Medicina e Chirurgia Estetica di San Marino. Ha dedicato parte della sua vita ad aiutare le ragazze acidificate e sfigurate con l\u2019acido nel sub-continente indiano (Pakistan e Bangladesh), esperienza dalla quale \u00e8 stato tratto anche un libro, ed ha ricevuto sia il\u00a0<strong>Certificato di Eccellenza<\/strong>\u00a0conferito dall\u2019Associazione dei Medici Pakistani per i servizi umanitari resi alle vittime acidificate del Pakistan, sia il Certificato di Merito conferito dal Combined Military Hospital di Islamabad (Pakistan) per i servizi umanitari resi al paese.<\/p>\n\n\n\n<p>&lt;&lt;L\u2019amore per il mio lavoro, l\u2019etica professionale e il rispetto per ogni singolo paziente mi hanno portato a creare protocolli in grado di valorizzarne la&nbsp;<strong>bellezza<\/strong>, l\u2019<strong>armonia<\/strong>&nbsp;e l\u2019<strong>unicit\u00e0<\/strong>. Ogni persona che si affida a me desidera certamente migliorare anche il proprio aspetto e risolvere la propria patologia, ma non vuole e non deve rinunciare alla propria identit\u00e0. Non chiedetemi mai di generare un altro di quegli eccessi che si vedono in televisione e che sviliscono la nostra professione, perch\u00e9 la mia risposta sar\u00e0 sempre \u201cno\u201d. La&nbsp;<strong>Medicina<\/strong>&nbsp;e la&nbsp;<strong>Chirurgia Estetica<\/strong>&nbsp;non devono stravolgere l\u2019aspetto di un paziente, ma&nbsp;<strong>migliorarlo al fine di rafforzarne il benessere psico-fisico<\/strong>. Per questa ragione, la prima visita \u00e8 sempre volta ad una attenta anamnesi e analisi della problematica, valutando bene le esigenze di ciascun paziente, al fine di proporre la migliore soluzione possibile&gt;&gt;.<\/p>\n\n\n\n<p>Coloro che si sottopongono a un trattamento di medicina estetica o un intervento di chirurgia estetica con il Dr. Dell\u2019Avanzato, possono beneficiare di trattamenti combinati esclusivi e di protocolli da lui stesso sviluppati come la&nbsp;<strong>Microliposcultura Laser<\/strong><strong>&nbsp;assistita <\/strong>eseguita in anestesia locale o il protocollo con Endolift\u00ae\u2013Ultherapy\u00ae-Cellfina\u00ae per il rimodellamento globale dei glutei. \u00c8 stato anche insignito del premio alla ricerca in campo medico estetico con il prestigioso Premio Follador 2018 per il miglior trattamento lifting non chirurgico del volto e del collo.<\/p>\n\n\n\n<p class=\"has-small-font-size\"><br><br><br><br>contatti del nostro professionista<\/p>\n\n\n\n<hr class=\"wp-block-separator has-text-color has-alpha-channel-opacity has-background is-style-wide\" style=\"background-color:#002a48;color:#002a48\"\/>\n\n\n<div class=\"wp-block-image\">\n<figure class=\"alignleft size-full\"><a href=\"https:\/\/www.dellavanzatoroberto.it\/\" target=\"_blank\" rel=\"noreferrer noopener\"><img decoding=\"async\" loading=\"lazy\" width=\"125\" height=\"42\" src=\"https:\/\/www.gistitalia.org\/wp-content\/uploads\/2022\/08\/website.png\" alt=\"\" class=\"wp-image-128\"\/><\/a><\/figure><\/div>\n\n<div class=\"wp-block-image\">\n<figure class=\"alignleft size-full\"><a href=\"mailto:info@dellavanzatoroberto.it\" target=\"_blank\" rel=\"noreferrer noopener\"><img decoding=\"async\" loading=\"lazy\" width=\"94\" height=\"42\" src=\"https:\/\/www.gistitalia.org\/wp-content\/uploads\/2022\/08\/mail.png\" alt=\"\" class=\"wp-image-129\"\/><\/a><\/figure><\/div>\n\n\n<div style=\"height:150px\" aria-hidden=\"true\" class=\"wp-block-spacer\"><\/div>\n","protected":false},"excerpt":{"rendered":"<p>Regioni sedi operativeLombardia SpecializzazioneChirurgo Plastico ed Estetico, Medico Estetico TrattamentiChirurgia Plastica e Ricostruttiva, Chirurgia Estetica, Medicina Estetica Il Dr. Roberto Dell\u2019Avanzato \u00e8 uno dei\u00a0Chirurghi Estetici\u00a0pi\u00f9 conosciuti in Italia e uno dei massimi esperti di\u00a0Medical Device\u00a0e\u00a0Tecnologie Laser\u00a0al mondo.Si occupa di Medicina Estetica e Chirurgia Estetica\u00a0da oltre venti anni. Considerato l\u2019inventore formale e principale sviluppatore della metodica &hellip; <\/p>\n<p class=\"link-more\"><a href=\"https:\/\/www.gistitalia.org\/?page_id=165\" class=\"more-link\">Leggi tutto<span class=\"screen-reader-text\"> &#8220;ROBERTO DELL&#8217; AVANZATO&#8221;<\/span><\/a><\/p>\n","protected":false},"author":1,"featured_media":0,"parent":134,"menu_order":0,"comment_status":"closed","ping_status":"closed","template":"","meta":[],"_links":{"self":[{"href":"https:\/\/www.gistitalia.org\/index.php?rest_route=\/wp\/v2\/pages\/165"}],"collection":[{"href":"https:\/\/www.gistitalia.org\/index.php?rest_route=\/wp\/v2\/pages"}],"about":[{"href":"https:\/\/www.gistitalia.org\/index.php?rest_route=\/wp\/v2\/types\/page"}],"author":[{"embeddable":true,"href":"https:\/\/www.gistitalia.org\/index.php?rest_route=\/wp\/v2\/users\/1"}],"replies":[{"embeddable":true,"href":"https:\/\/www.gistitalia.org\/index.php?rest_route=%2Fwp%2Fv2%2Fcomments&post=165"}],"version-history":[{"count":13,"href":"https:\/\/www.gistitalia.org\/index.php?rest_route=\/wp\/v2\/pages\/165\/revisions"}],"predecessor-version":[{"id":655,"href":"https:\/\/www.gistitalia.org\/index.php?rest_route=\/wp\/v2\/pages\/165\/revisions\/655"}],"up":[{"embeddable":true,"href":"https:\/\/www.gistitalia.org\/index.php?rest_route=\/wp\/v2\/pages\/134"}],"wp:attachment":[{"href":"https:\/\/www.gistitalia.org\/index.php?rest_route=%2Fwp%2Fv2%2Fmedia&parent=165"}],"curies":[{"name":"wp","href":"https:\/\/api.w.org\/{rel}","templated":true}]}}

<div class="wp-block-media-text alignwide is-stacked-on-mobile" style="grid-template-columns:27% auto"><figure class="wp-block-media-text__media"><img decoding="async" loading="lazy" width="302" height="461" src="https://www.gistitalia.org/wp-content/uploads/2022/08/dellavanzato_ico.png" alt="" class="wp-image-552 size-full" srcset="https://www.gistitalia.org/wp-content/uploads/2022/08/dellavanzato_ico.png 302w, https://www.gistitalia.org/wp-content/uploads/2022/08/dellavanzato_ico-197x300.png 197w" sizes="(max-width: 302px) 100vw, 302px" /></figure><div class="wp-block-media-text__content">
<p><br><br><em>Regioni sedi operative</em><br><strong>Lombardia</strong><br><br><em>Specializzazione</em><br><strong>Chirurgo Plastico ed Estetico, Medico Estetico</strong><br><br><em>Trattamenti</em><br><strong>Chirurgia Plastica e Ricostruttiva, Chirurgia Estetica, Medicina Estetica</strong><br></p>
</div></div>



<hr class="wp-block-separator has-text-color has-alpha-channel-opacity has-background is-style-wide" style="background-color:#002a48;color:#002a48"/>



<p>Il Dr. Roberto Dell’Avanzato è uno dei <strong>Chirurghi Estetici</strong> più conosciuti in Italia e uno dei massimi esperti di <strong>Medical Device</strong> e <strong>Tecnologie Laser</strong> al mondo.<br>Si occupa di <strong>Medicina Estetica e Chirurgia Estetica</strong> da oltre venti anni.<br><br>Considerato l’inventore formale e principale sviluppatore della metodica laser ENDOLIFT®, il suo punto di forza è la conoscenza e la capacità di integrare tutte le migliori metodologie che la <strong>Medicina Estetica</strong> e la <strong>Chirurgia Estetica</strong> possono offrire.<br><br>Dopo 6 anni di Specializzazione in <strong>Chirurgia Generale</strong> e 2 anni di <strong>Master Universitario in Medicina e Chirurgia Estetica</strong> in Italia, ha continuato la sua formazione in tutte le più prestigiose strutture di riferimento in <strong>Europa</strong> ed <strong>America</strong>, lavorando fianco a fianco con i migliori Chirurghi Plastici al mondo, continuando ad essere invitato con regolarità a parlare in conferenze internazionali e tenere corsi di formazione come Key Opinion Leader delle più importanti Aziende del settore.<br><br>È attualmente Socio Internazionale della prestigiosa American Society of Plastic Surgeons ASPS, Socio della Società Italiana di <strong>Chirurgia Plastica Ricostruttiva ed Estetica</strong> SICPRE, Membro del Consiglio Direttivo del Gruppo Italiano di Studio sulle Tecnologie GIST oltreché docente delle Scuole Italiane di Medicina Estetica AGORA, ICAMP, SIME, VALET e del Master Universitario in Medicina e Chirurgia Estetica di San Marino. Ha dedicato parte della sua vita ad aiutare le ragazze acidificate e sfigurate con l’acido nel sub-continente indiano (Pakistan e Bangladesh), esperienza dalla quale è stato tratto anche un libro, ed ha ricevuto sia il <strong>Certificato di Eccellenza</strong> conferito dall’Associazione dei Medici Pakistani per i servizi umanitari resi alle vittime acidificate del Pakistan, sia il Certificato di Merito conferito dal Combined Military Hospital di Islamabad (Pakistan) per i servizi umanitari resi al paese.</p>



<p>&lt;&lt;L’amore per il mio lavoro, l’etica professionale e il rispetto per ogni singolo paziente mi hanno portato a creare protocolli in grado di valorizzarne la&nbsp;<strong>bellezza</strong>, l’<strong>armonia</strong>&nbsp;e l’<strong>unicità</strong>. Ogni persona che si affida a me desidera certamente migliorare anche il proprio aspetto e risolvere la propria patologia, ma non vuole e non deve rinunciare alla propria identità. Non chiedetemi mai di generare un altro di quegli eccessi che si vedono in televisione e che sviliscono la nostra professione, perché la mia risposta sarà sempre “no”. La&nbsp;<strong>Medicina</strong>&nbsp;e la&nbsp;<strong>Chirurgia Estetica</strong>&nbsp;non devono stravolgere l’aspetto di un paziente, ma&nbsp;<strong>migliorarlo al fine di rafforzarne il benessere psico-fisico</strong>. Per questa ragione, la prima visita è sempre volta ad una attenta anamnesi e analisi della problematica, valutando bene le esigenze di ciascun paziente, al fine di proporre la migliore soluzione possibile&gt;&gt;.</p>



<p>Coloro che si sottopongono a un trattamento di medicina estetica o un intervento di chirurgia estetica con il Dr. Dell’Avanzato, possono beneficiare di trattamenti combinati esclusivi e di protocolli da lui stesso sviluppati come la&nbsp;<strong>Microliposcultura Laser</strong><strong>&nbsp;assistita </strong>eseguita in anestesia locale o il protocollo con Endolift®–Ultherapy®-Cellfina® per il rimodellamento globale dei glutei. È stato anche insignito del premio alla ricerca in campo medico estetico con il prestigioso Premio Follador 2018 per il miglior trattamento lifting non chirurgico del volto e del collo.</p>



<p class="has-small-font-size"><br><br><br><br>contatti del nostro professionista</p>



<hr class="wp-block-separator has-text-color has-alpha-channel-opacity has-background is-style-wide" style="background-color:#002a48;color:#002a48"/>


<div class="wp-block-image">
<figure class="alignleft size-full"><a href="https://www.dellavanzatoroberto.it/" target="_blank" rel="noreferrer noopener"><img decoding="async" loading="lazy" width="125" height="42" src="https://www.gistitalia.org/wp-content/uploads/2022/08/website.png" alt="" class="wp-image-128"/></a></figure></div>

<div class="wp-block-image">
<figure class="alignleft size-full"><a href="mailto:info@dellavanzatoroberto.it" target="_blank" rel="noreferrer noopener"><img decoding="async" loading="lazy" width="94" height="42" src="https://www.gistitalia.org/wp-content/uploads/2022/08/mail.png" alt="" class="wp-image-129"/></a></figure></div>


<div style="height:150px" aria-hidden="true" class="wp-block-spacer"></div>

<p>Regioni sedi operativeLombardia SpecializzazioneChirurgo Plastico ed Estetico, Medico Estetico TrattamentiChirurgia Plastica e Ricostruttiva, Chirurgia Estetica, Medicina Estetica Il Dr. Roberto Dell’Avanzato è uno dei Chirurghi Estetici più conosciuti in Italia e uno dei massimi esperti di Medical Device e Tecnologie Laser al mondo.Si occupa di Medicina Estetica e Chirurgia Estetica da oltre venti anni. Considerato l’inventore formale e principale sviluppatore della metodica &hellip; </p>
<p class="link-more"><a href="https://www.gistitalia.org/?page_id=165" class="more-link">Leggi tutto<span class="screen-reader-text"> &#8220;ROBERTO DELL&#8217; AVANZATO&#8221;</span></a></p>
