{"id":209,"date":"2022-08-04T11:59:20","date_gmt":"2022-08-04T09:59:20","guid":{"rendered":"https:\/\/www.gistitalia.org\/?page_id=209"},"modified":"2022-08-12T12:48:21","modified_gmt":"2022-08-12T10:48:21","slug":"domenico-piccolo","status":"publish","type":"page","link":"https:\/\/www.gistitalia.org\/?page_id=209","title":{"rendered":"DOMENICO PICCOLO"},"content":{"rendered":"\n<div class=\"wp-block-media-text alignwide is-stacked-on-mobile\" style=\"grid-template-columns:27% auto\"><figure class=\"wp-block-media-text__media\"><img decoding=\"async\" src=\"https:\/\/www.gistitalia.org\/wp-content\/uploads\/2022\/08\/Piccolo_ico-1.png\" alt=\"\" class=\"wp-image-431 size-full\"\/><\/figure><div class=\"wp-block-media-text__content\">\n<p><br><br><br><em>Regioni sedi operative<\/em><br><strong>Abruzzo<\/strong><br><br><em>Specializzazione<\/em><br><strong><strong>Dermatologo<\/strong><\/strong><br><br><em>Trattamenti<\/em><br><strong><strong>Dermatologia Oncologica<\/strong><\/strong>, <strong>Medicina Estetica<\/strong><br><\/p>\n<\/div><\/div>\n\n\n\n<hr class=\"wp-block-separator has-text-color has-alpha-channel-opacity has-background is-style-wide\" style=\"background-color:#002a48;color:#002a48\"\/>\n\n\n\n<p>Il <strong>Dott. Prof. Domenico Piccolo<\/strong>, Dermatologo di provata esperienza e Responsabile dei Centri Laser Dermo Estetici (Novea Skin Center) di Avezzano, Pescara e L&#8217;Aquila mette a\u00a0disposizione dei propri pazienti una piattaforma di informazioni accurate nell&#8217;ambito della Dermatologia, dei Laser, della Dermo-Chirurgia, della <strong>Dermatologia Oncologica<\/strong> e della <strong>Medicina Estetica<\/strong>.<\/p>\n\n\n\n<p>Il Dott. Domenico Piccolo \u00e8 uno dei <strong>maggiori esperti<\/strong> in ambito nazionale ed internazionale nel campo della <strong>videodermoscopia<\/strong> e della <strong>prevenzione del melanoma cutaneo<\/strong> e nel settore dei laser applicati in ambito <strong>dermatologico<\/strong> e in <strong>medicina estetica<\/strong>. Creatore del brevetto&nbsp;<strong>Trichobiolight<\/strong>&nbsp;metodo unico ed esclusivo (scientificamente validato) per la cura di problemi dei capelli quali l&#8217;alopecia androgenetica, l&#8217;alopecia areata, il telogen effluvium ed i capelli miniaturizzati.<br>E&#8217; uno dei massimi esperti in Europa di <strong>cicatrici atrofiche, ipertrofiche e cheloidee<\/strong>.<\/p>\n\n\n\n<p>Presidente di&nbsp;<strong>Novea Skin Center srl<\/strong>, societ\u00e0 di Medical Franchising e promotrice di Skin Center Network.<\/p>\n\n\n\n<p>Membro del Consiglio Direttivo dell&#8217;Associazione Italiana Dermatologi Ambulatoriali (AIDA), \u00e8 stato&nbsp;<strong>Presidente<\/strong>&nbsp;dell&#8217;Associazione per il biennio 2015-16 e ricopre l&#8217;incarico di Responsabile Marketing dell&#8217;Associazione. E&#8217; attualmente il&nbsp;<strong>vice-Presidente<\/strong>&nbsp;della Societ\u00e0 Italiana di Laser Dermatologia (SILD).&nbsp;<\/p>\n\n\n\n<p>E&#8217; iscritto dal 2009 al General Medical Council (GMC) del Regno Unito, ha lavorato presso la <strong>Skinfinity Cosmetic Clinic di Leeds<\/strong>.&nbsp;<\/p>\n\n\n\n<p>Autore di pi\u00f9 di <strong>130 pubblicazioni internazionali<\/strong>, 5 libri e numerosi capitoli di libri, relatore a pi\u00f9 di 400 Congressi nazionali ed internazionali, \u00e8 attualmente Professore a contratto presso la <strong>Clinica Dermatologica delle Universit\u00e0 degli Studi di L&#8217;Aquila<\/strong>.<br>Docente al Master sui laser, Universit\u00e0 di Tor Vergata e a quello di Dermochirurgia, <strong>Universit\u00e0 di Siena<\/strong>.<\/p>\n\n\n\n<p class=\"has-small-font-size\"><br><br><br><br>contatti del nostro professionista<\/p>\n\n\n\n<hr class=\"wp-block-separator has-text-color has-alpha-channel-opacity has-background is-style-wide\" style=\"background-color:#002a48;color:#002a48\"\/>\n\n\n<div class=\"wp-block-image\">\n<figure class=\"alignleft size-full\"><a href=\"https:\/\/www.facebook.com\/skincenterAZ\" target=\"_blank\" rel=\"noreferrer noopener\"><img decoding=\"async\" loading=\"lazy\" width=\"143\" height=\"42\" src=\"https:\/\/www.gistitalia.org\/wp-content\/uploads\/2022\/08\/fb.png\" alt=\"\" class=\"wp-image-126\"\/><\/a><\/figure><\/div>\n\n<div class=\"wp-block-image\">\n<figure class=\"alignleft size-full is-resized\"><a href=\"https:\/\/www.instagram.com\/domenicopiccoloaz\/\" target=\"_blank\" rel=\"noreferrer noopener\"><img decoding=\"async\" loading=\"lazy\" src=\"https:\/\/www.gistitalia.org\/wp-content\/uploads\/2022\/08\/ig.png\" alt=\"\" class=\"wp-image-127\" width=\"148\" height=\"42\"\/><\/a><\/figure><\/div>\n\n<div class=\"wp-block-image\">\n<figure class=\"alignleft size-full\"><a href=\"https:\/\/www.domenicopiccolodermatologo.it\/\" target=\"_blank\" rel=\"noreferrer noopener\"><img decoding=\"async\" loading=\"lazy\" width=\"125\" height=\"42\" src=\"https:\/\/www.gistitalia.org\/wp-content\/uploads\/2022\/08\/website.png\" alt=\"\" class=\"wp-image-128\"\/><\/a><\/figure><\/div>\n\n<div class=\"wp-block-image\">\n<figure class=\"alignleft size-full\"><a href=\"mailto:domenico.piccolo.skincenters@gmail.com\" target=\"_blank\" rel=\"noreferrer noopener\"><img decoding=\"async\" loading=\"lazy\" width=\"94\" height=\"42\" src=\"https:\/\/www.gistitalia.org\/wp-content\/uploads\/2022\/08\/mail.png\" alt=\"\" class=\"wp-image-129\"\/><\/a><\/figure><\/div>\n\n\n<div style=\"height:150px\" aria-hidden=\"true\" class=\"wp-block-spacer\"><\/div>\n","protected":false},"excerpt":{"rendered":"<p>Regioni sedi operativeAbruzzo SpecializzazioneDermatologo TrattamentiDermatologia Oncologica, Medicina Estetica Il Dott. Prof. Domenico Piccolo, Dermatologo di provata esperienza e Responsabile dei Centri Laser Dermo Estetici (Novea Skin Center) di Avezzano, Pescara e L&#8217;Aquila mette a\u00a0disposizione dei propri pazienti una piattaforma di informazioni accurate nell&#8217;ambito della Dermatologia, dei Laser, della Dermo-Chirurgia, della Dermatologia Oncologica e della Medicina &hellip; <\/p>\n<p class=\"link-more\"><a href=\"https:\/\/www.gistitalia.org\/?page_id=209\" class=\"more-link\">Leggi tutto<span class=\"screen-reader-text\"> &#8220;DOMENICO PICCOLO&#8221;<\/span><\/a><\/p>\n","protected":false},"author":1,"featured_media":0,"parent":136,"menu_order":0,"comment_status":"closed","ping_status":"closed","template":"","meta":[],"_links":{"self":[{"href":"https:\/\/www.gistitalia.org\/index.php?rest_route=\/wp\/v2\/pages\/209"}],"collection":[{"href":"https:\/\/www.gistitalia.org\/index.php?rest_route=\/wp\/v2\/pages"}],"about":[{"href":"https:\/\/www.gistitalia.org\/index.php?rest_route=\/wp\/v2\/types\/page"}],"author":[{"embeddable":true,"href":"https:\/\/www.gistitalia.org\/index.php?rest_route=\/wp\/v2\/users\/1"}],"replies":[{"embeddable":true,"href":"https:\/\/www.gistitalia.org\/index.php?rest_route=%2Fwp%2Fv2%2Fcomments&post=209"}],"version-history":[{"count":7,"href":"https:\/\/www.gistitalia.org\/index.php?rest_route=\/wp\/v2\/pages\/209\/revisions"}],"predecessor-version":[{"id":433,"href":"https:\/\/www.gistitalia.org\/index.php?rest_route=\/wp\/v2\/pages\/209\/revisions\/433"}],"up":[{"embeddable":true,"href":"https:\/\/www.gistitalia.org\/index.php?rest_route=\/wp\/v2\/pages\/136"}],"wp:attachment":[{"href":"https:\/\/www.gistitalia.org\/index.php?rest_route=%2Fwp%2Fv2%2Fmedia&parent=209"}],"curies":[{"name":"wp","href":"https:\/\/api.w.org\/{rel}","templated":true}]}}

<div class="wp-block-media-text alignwide is-stacked-on-mobile" style="grid-template-columns:27% auto"><figure class="wp-block-media-text__media"><img decoding="async" src="https://www.gistitalia.org/wp-content/uploads/2022/08/Piccolo_ico-1.png" alt="" class="wp-image-431 size-full"/></figure><div class="wp-block-media-text__content">
<p><br><br><br><em>Regioni sedi operative</em><br><strong>Abruzzo</strong><br><br><em>Specializzazione</em><br><strong><strong>Dermatologo</strong></strong><br><br><em>Trattamenti</em><br><strong><strong>Dermatologia Oncologica</strong></strong>, <strong>Medicina Estetica</strong><br></p>
</div></div>



<hr class="wp-block-separator has-text-color has-alpha-channel-opacity has-background is-style-wide" style="background-color:#002a48;color:#002a48"/>



<p>Il <strong>Dott. Prof. Domenico Piccolo</strong>, Dermatologo di provata esperienza e Responsabile dei Centri Laser Dermo Estetici (Novea Skin Center) di Avezzano, Pescara e L&#8217;Aquila mette a disposizione dei propri pazienti una piattaforma di informazioni accurate nell&#8217;ambito della Dermatologia, dei Laser, della Dermo-Chirurgia, della <strong>Dermatologia Oncologica</strong> e della <strong>Medicina Estetica</strong>.</p>



<p>Il Dott. Domenico Piccolo è uno dei <strong>maggiori esperti</strong> in ambito nazionale ed internazionale nel campo della <strong>videodermoscopia</strong> e della <strong>prevenzione del melanoma cutaneo</strong> e nel settore dei laser applicati in ambito <strong>dermatologico</strong> e in <strong>medicina estetica</strong>. Creatore del brevetto&nbsp;<strong>Trichobiolight</strong>&nbsp;metodo unico ed esclusivo (scientificamente validato) per la cura di problemi dei capelli quali l&#8217;alopecia androgenetica, l&#8217;alopecia areata, il telogen effluvium ed i capelli miniaturizzati.<br>E&#8217; uno dei massimi esperti in Europa di <strong>cicatrici atrofiche, ipertrofiche e cheloidee</strong>.</p>



<p>Presidente di&nbsp;<strong>Novea Skin Center srl</strong>, società di Medical Franchising e promotrice di Skin Center Network.</p>



<p>Membro del Consiglio Direttivo dell&#8217;Associazione Italiana Dermatologi Ambulatoriali (AIDA), è stato&nbsp;<strong>Presidente</strong>&nbsp;dell&#8217;Associazione per il biennio 2015-16 e ricopre l&#8217;incarico di Responsabile Marketing dell&#8217;Associazione. E&#8217; attualmente il&nbsp;<strong>vice-Presidente</strong>&nbsp;della Società Italiana di Laser Dermatologia (SILD).&nbsp;</p>



<p>E&#8217; iscritto dal 2009 al General Medical Council (GMC) del Regno Unito, ha lavorato presso la <strong>Skinfinity Cosmetic Clinic di Leeds</strong>.&nbsp;</p>



<p>Autore di più di <strong>130 pubblicazioni internazionali</strong>, 5 libri e numerosi capitoli di libri, relatore a più di 400 Congressi nazionali ed internazionali, è attualmente Professore a contratto presso la <strong>Clinica Dermatologica delle Università degli Studi di L&#8217;Aquila</strong>.<br>Docente al Master sui laser, Università di Tor Vergata e a quello di Dermochirurgia, <strong>Università di Siena</strong>.</p>



<p class="has-small-font-size"><br><br><br><br>contatti del nostro professionista</p>



<hr class="wp-block-separator has-text-color has-alpha-channel-opacity has-background is-style-wide" style="background-color:#002a48;color:#002a48"/>


<div class="wp-block-image">
<figure class="alignleft size-full"><a href="https://www.facebook.com/skincenterAZ" target="_blank" rel="noreferrer noopener"><img decoding="async" loading="lazy" width="143" height="42" src="https://www.gistitalia.org/wp-content/uploads/2022/08/fb.png" alt="" class="wp-image-126"/></a></figure></div>

<div class="wp-block-image">
<figure class="alignleft size-full is-resized"><a href="https://www.instagram.com/domenicopiccoloaz/" target="_blank" rel="noreferrer noopener"><img decoding="async" loading="lazy" src="https://www.gistitalia.org/wp-content/uploads/2022/08/ig.png" alt="" class="wp-image-127" width="148" height="42"/></a></figure></div>

<div class="wp-block-image">
<figure class="alignleft size-full"><a href="https://www.domenicopiccolodermatologo.it/" target="_blank" rel="noreferrer noopener"><img decoding="async" loading="lazy" width="125" height="42" src="https://www.gistitalia.org/wp-content/uploads/2022/08/website.png" alt="" class="wp-image-128"/></a></figure></div>

<div class="wp-block-image">
<figure class="alignleft size-full"><a href="mailto:domenico.piccolo.skincenters@gmail.com" target="_blank" rel="noreferrer noopener"><img decoding="async" loading="lazy" width="94" height="42" src="https://www.gistitalia.org/wp-content/uploads/2022/08/mail.png" alt="" class="wp-image-129"/></a></figure></div>


<div style="height:150px" aria-hidden="true" class="wp-block-spacer"></div>
