{"id":725,"date":"2023-01-03T11:52:59","date_gmt":"2023-01-03T10:52:59","guid":{"rendered":"https:\/\/www.gistitalia.org\/?page_id=725"},"modified":"2023-01-03T11:52:59","modified_gmt":"2023-01-03T10:52:59","slug":"clara-ada-tanteri","status":"publish","type":"page","link":"https:\/\/www.gistitalia.org\/?page_id=725","title":{"rendered":"CLARA ADA TANTERI"},"content":{"rendered":"\n<div class=\"wp-block-media-text alignwide is-stacked-on-mobile\" style=\"grid-template-columns:27% auto\"><figure class=\"wp-block-media-text__media\"><img decoding=\"async\" loading=\"lazy\" width=\"302\" height=\"461\" src=\"https:\/\/www.gistitalia.org\/wp-content\/uploads\/2023\/01\/tanteri_ico.png\" alt=\"\" class=\"wp-image-727 size-full\" srcset=\"https:\/\/www.gistitalia.org\/wp-content\/uploads\/2023\/01\/tanteri_ico.png 302w, https:\/\/www.gistitalia.org\/wp-content\/uploads\/2023\/01\/tanteri_ico-197x300.png 197w\" sizes=\"(max-width: 302px) 100vw, 302px\" \/><\/figure><div class=\"wp-block-media-text__content\">\n<p><br><\/p>\n\n\n\n<p><em>Regioni sedi operative<\/em><br><strong>Lombardia<\/strong><br><br><em>Specializzazione<\/em><br><strong>Medico Estetico<\/strong><br><br><em>Trattamenti<\/em><br><strong>Chirurgia Estetica, Chirurgia Generale<\/strong><br><\/p>\n<\/div><\/div>\n\n\n\n<hr class=\"wp-block-separator has-text-color has-alpha-channel-opacity has-background is-style-wide\" style=\"background-color:#002a48;color:#002a48\"\/>\n\n\n\n<p>La<strong> Dott.ssa Clara Ada Tanteri <\/strong>si \u00e8 laureata nel 2007 in Medicina e Chirurgia, presso l\u2019Universit\u00e0 di Milano Bicocca. L\u2019anno seguente, nel 2008, la Dott.ssa Tanteri ha ottenuto l\u2019abilitazione all\u2019esercizio della professione medica, e da allora risulta iscritta all\u2019albo dell\u2019Ordine dei Medici e Chirurghi della provincia di Milano con il numero d\u2019iscrizione n. 0000040806. Successivamente, la Dott.ssa Clara Ada Tanteri ha perfezionato la sua formazione medica seguendo il master di secondo livello in Medicina Estetica e del Benessere dell\u2019Universit\u00e0 degli Studi di Pavia ed il master di secondo livello in Nutrizione, Alimentazione ed Educazione Alimentare dell\u2019Universit\u00e0 di Bologna. Da ormai sei anni, inoltre, la Dott.ssa Clara Ada Tanteri lavora come direttore sanitario dello clinica Vital Medical Aesthetics di Milano.<br><br>La partecipazione a numerosi corsi di formazione e di specializzazione universitaria in\u00a0<strong>Medicina Estetica<\/strong>\u00a0hanno consentito alla Dott.ssa Clara Ada Tanteri di acquisire una conoscenza approfondita di ogni possibile necessit\u00e0 da parte del paziente e la capacit\u00e0 di utilizzare i macchinari pi\u00f9 innovativi per realizzare i\u00a0<strong>desideri di armonia e salute<\/strong>\u00a0delle persone che si rivolgono al suo studio.<\/p>\n\n\n\n<p class=\"has-small-font-size\"><br><br><br><br>contatti del nostro professionista<\/p>\n\n\n\n<hr class=\"wp-block-separator has-text-color has-alpha-channel-opacity has-background is-style-wide\" style=\"background-color:#002a48;color:#002a48\"\/>\n\n\n<div class=\"wp-block-image\">\n<figure class=\"alignleft size-full\"><a href=\"https:\/\/www.facebook.com\/Dottoressaclaraadatanteri\/\" target=\"_blank\" rel=\"noreferrer noopener\"><img decoding=\"async\" loading=\"lazy\" width=\"143\" height=\"42\" src=\"https:\/\/www.gistitalia.org\/wp-content\/uploads\/2022\/08\/fb.png\" alt=\"\" class=\"wp-image-126\"\/><\/a><\/figure><\/div>\n\n<div class=\"wp-block-image\">\n<figure class=\"alignleft size-full is-resized\"><a href=\"https:\/\/www.instagram.com\/dottoressa_claraadatanteri\" target=\"_blank\" rel=\"noreferrer noopener\"><img decoding=\"async\" loading=\"lazy\" src=\"https:\/\/www.gistitalia.org\/wp-content\/uploads\/2022\/08\/ig.png\" alt=\"\" class=\"wp-image-127\" width=\"148\" height=\"42\"\/><\/a><\/figure><\/div>\n\n<div class=\"wp-block-image\">\n<figure class=\"alignleft size-full\"><a href=\"https:\/\/www.medicinaesteticabeatini.it\/\" target=\"_blank\" rel=\"noreferrer noopener\"><img decoding=\"async\" loading=\"lazy\" width=\"125\" height=\"42\" src=\"https:\/\/www.gistitalia.org\/wp-content\/uploads\/2022\/08\/website.png\" alt=\"\" class=\"wp-image-128\"\/><\/a><\/figure><\/div>\n\n<div class=\"wp-block-image\">\n<figure class=\"alignleft size-full\"><a href=\"mailto:segreteria.dottoressatanteri@gmail.com\" target=\"_blank\" rel=\"noreferrer noopener\"><img decoding=\"async\" loading=\"lazy\" width=\"94\" height=\"42\" src=\"https:\/\/www.gistitalia.org\/wp-content\/uploads\/2022\/08\/mail.png\" alt=\"\" class=\"wp-image-129\"\/><\/a><\/figure><\/div>\n\n\n<div style=\"height:150px\" aria-hidden=\"true\" class=\"wp-block-spacer\"><\/div>\n","protected":false},"excerpt":{"rendered":"<p>Regioni sedi operativeLombardia SpecializzazioneMedico Estetico TrattamentiChirurgia Estetica, Chirurgia Generale La Dott.ssa Clara Ada Tanteri si \u00e8 laureata nel 2007 in Medicina e Chirurgia, presso l\u2019Universit\u00e0 di Milano Bicocca. L\u2019anno seguente, nel 2008, la Dott.ssa Tanteri ha ottenuto l\u2019abilitazione all\u2019esercizio della professione medica, e da allora risulta iscritta all\u2019albo dell\u2019Ordine dei Medici e Chirurghi della provincia &hellip; <\/p>\n<p class=\"link-more\"><a href=\"https:\/\/www.gistitalia.org\/?page_id=725\" class=\"more-link\">Leggi tutto<span class=\"screen-reader-text\"> &#8220;CLARA ADA TANTERI&#8221;<\/span><\/a><\/p>\n","protected":false},"author":1,"featured_media":0,"parent":134,"menu_order":0,"comment_status":"closed","ping_status":"closed","template":"","meta":[],"_links":{"self":[{"href":"https:\/\/www.gistitalia.org\/index.php?rest_route=\/wp\/v2\/pages\/725"}],"collection":[{"href":"https:\/\/www.gistitalia.org\/index.php?rest_route=\/wp\/v2\/pages"}],"about":[{"href":"https:\/\/www.gistitalia.org\/index.php?rest_route=\/wp\/v2\/types\/page"}],"author":[{"embeddable":true,"href":"https:\/\/www.gistitalia.org\/index.php?rest_route=\/wp\/v2\/users\/1"}],"replies":[{"embeddable":true,"href":"https:\/\/www.gistitalia.org\/index.php?rest_route=%2Fwp%2Fv2%2Fcomments&post=725"}],"version-history":[{"count":1,"href":"https:\/\/www.gistitalia.org\/index.php?rest_route=\/wp\/v2\/pages\/725\/revisions"}],"predecessor-version":[{"id":728,"href":"https:\/\/www.gistitalia.org\/index.php?rest_route=\/wp\/v2\/pages\/725\/revisions\/728"}],"up":[{"embeddable":true,"href":"https:\/\/www.gistitalia.org\/index.php?rest_route=\/wp\/v2\/pages\/134"}],"wp:attachment":[{"href":"https:\/\/www.gistitalia.org\/index.php?rest_route=%2Fwp%2Fv2%2Fmedia&parent=725"}],"curies":[{"name":"wp","href":"https:\/\/api.w.org\/{rel}","templated":true}]}}

<div class="wp-block-media-text alignwide is-stacked-on-mobile" style="grid-template-columns:27% auto"><figure class="wp-block-media-text__media"><img decoding="async" loading="lazy" width="302" height="461" src="https://www.gistitalia.org/wp-content/uploads/2023/01/tanteri_ico.png" alt="" class="wp-image-727 size-full" srcset="https://www.gistitalia.org/wp-content/uploads/2023/01/tanteri_ico.png 302w, https://www.gistitalia.org/wp-content/uploads/2023/01/tanteri_ico-197x300.png 197w" sizes="(max-width: 302px) 100vw, 302px" /></figure><div class="wp-block-media-text__content">
<p><br></p>



<p><em>Regioni sedi operative</em><br><strong>Lombardia</strong><br><br><em>Specializzazione</em><br><strong>Medico Estetico</strong><br><br><em>Trattamenti</em><br><strong>Chirurgia Estetica, Chirurgia Generale</strong><br></p>
</div></div>



<hr class="wp-block-separator has-text-color has-alpha-channel-opacity has-background is-style-wide" style="background-color:#002a48;color:#002a48"/>



<p>La<strong> Dott.ssa Clara Ada Tanteri </strong>si è laureata nel 2007 in Medicina e Chirurgia, presso l’Università di Milano Bicocca. L’anno seguente, nel 2008, la Dott.ssa Tanteri ha ottenuto l’abilitazione all’esercizio della professione medica, e da allora risulta iscritta all’albo dell’Ordine dei Medici e Chirurghi della provincia di Milano con il numero d’iscrizione n. 0000040806. Successivamente, la Dott.ssa Clara Ada Tanteri ha perfezionato la sua formazione medica seguendo il master di secondo livello in Medicina Estetica e del Benessere dell’Università degli Studi di Pavia ed il master di secondo livello in Nutrizione, Alimentazione ed Educazione Alimentare dell’Università di Bologna. Da ormai sei anni, inoltre, la Dott.ssa Clara Ada Tanteri lavora come direttore sanitario dello clinica Vital Medical Aesthetics di Milano.<br><br>La partecipazione a numerosi corsi di formazione e di specializzazione universitaria in <strong>Medicina Estetica</strong> hanno consentito alla Dott.ssa Clara Ada Tanteri di acquisire una conoscenza approfondita di ogni possibile necessità da parte del paziente e la capacità di utilizzare i macchinari più innovativi per realizzare i <strong>desideri di armonia e salute</strong> delle persone che si rivolgono al suo studio.</p>



<p class="has-small-font-size"><br><br><br><br>contatti del nostro professionista</p>



<hr class="wp-block-separator has-text-color has-alpha-channel-opacity has-background is-style-wide" style="background-color:#002a48;color:#002a48"/>


<div class="wp-block-image">
<figure class="alignleft size-full"><a href="https://www.facebook.com/Dottoressaclaraadatanteri/" target="_blank" rel="noreferrer noopener"><img decoding="async" loading="lazy" width="143" height="42" src="https://www.gistitalia.org/wp-content/uploads/2022/08/fb.png" alt="" class="wp-image-126"/></a></figure></div>

<div class="wp-block-image">
<figure class="alignleft size-full is-resized"><a href="https://www.instagram.com/dottoressa_claraadatanteri" target="_blank" rel="noreferrer noopener"><img decoding="async" loading="lazy" src="https://www.gistitalia.org/wp-content/uploads/2022/08/ig.png" alt="" class="wp-image-127" width="148" height="42"/></a></figure></div>

<div class="wp-block-image">
<figure class="alignleft size-full"><a href="https://www.medicinaesteticabeatini.it/" target="_blank" rel="noreferrer noopener"><img decoding="async" loading="lazy" width="125" height="42" src="https://www.gistitalia.org/wp-content/uploads/2022/08/website.png" alt="" class="wp-image-128"/></a></figure></div>

<div class="wp-block-image">
<figure class="alignleft size-full"><a href="mailto:segreteria.dottoressatanteri@gmail.com" target="_blank" rel="noreferrer noopener"><img decoding="async" loading="lazy" width="94" height="42" src="https://www.gistitalia.org/wp-content/uploads/2022/08/mail.png" alt="" class="wp-image-129"/></a></figure></div>


<div style="height:150px" aria-hidden="true" class="wp-block-spacer"></div>

<p>Regioni sedi operativeLombardia SpecializzazioneMedico Estetico TrattamentiChirurgia Estetica, Chirurgia Generale La Dott.ssa Clara Ada Tanteri si è laureata nel 2007 in Medicina e Chirurgia, presso l’Università di Milano Bicocca. L’anno seguente, nel 2008, la Dott.ssa Tanteri ha ottenuto l’abilitazione all’esercizio della professione medica, e da allora risulta iscritta all’albo dell’Ordine dei Medici e Chirurghi della provincia &hellip; </p>
<p class="link-more"><a href="https://www.gistitalia.org/?page_id=725" class="more-link">Leggi tutto<span class="screen-reader-text"> &#8220;CLARA ADA TANTERI&#8221;</span></a></p>
